 of 4624 and 733808.
16
Calculate the highest common factor of 704 and 531152.
16
What is the greatest common divisor of 53 and 74591087?
53
Calculate the highest common divisor of 312182197 and 15009.
5003
Calculate the greatest common factor of 25720796 and 21692.
1972
Calculate the highest common divisor of 16 and 18215268.
4
What is the greatest common divisor of 21797 and 4617587?
307
Calculate the highest common divisor of 20 and 437992730.
10
What is the greatest common divisor of 29965014 and 2214?
738
Calculate the greatest common factor of 43923922 and 986.
58
Calculate the greatest common divisor of 485291 and 6.
1
Calculate the greatest common divisor of 88539982 and 426.
142
Calculate the highest common divisor of 883 and 596.
1
Calculate the highest common factor of 469 and 8583673.
7
Calculate the greatest common divisor of 332712 and 1800.
72
Calculate the greatest common divisor of 30 and 6297924.
6
What is the greatest common divisor of 15624 and 757512?
504
What is the highest common divisor of 2644760 and 1327741?
1787
Calculate the greatest common divisor of 567 and 8241933.
21
Calculate the greatest common factor of 350 and 215183950.
50
What is the highest common divisor of 50029 and 1327300?
1021
What is the highest common divisor of 1778 and 1370?
2
Calculate the greatest common factor of 38 and 48466606.
38
What is the highest common factor of 9896800 and 13600?
800
Calculate the highest common factor of 338540378 and 176.
22
Calculate the highest common factor of 5456 and 45513072.
176
Calculate the highest common divisor of 6636681 and 38.
19
What is the highest common divisor of 11286 and 4490973?
171
Calculate the greatest common divisor of 1182486 and 374.
34
Calculate the greatest common divisor of 5036 and 528875684.
5036
Calculate the highest common divisor of 4945 and 63901268.
989
Calculate the highest common divisor of 28221 and 8234.
23
Calculate the greatest common factor of 25 and 1530460.
5
What is the highest common factor of 354 and 122836702?
118
Calculate the greatest common factor of 63316707 and 18.
3
Calculate the highest common divisor of 61361972 and 20174.
1834
What is the greatest common divisor of 224 and 1068896?
32
Calculate the highest common divisor of 1061173 and 58833.
2179
What is the greatest common factor of 7147800 and 21888?
1368
What is the highest common factor of 365 and 1229191885?
365
Calculate the highest common factor of 170289861 and 4761.
1587
Calculate the greatest common factor of 338929 and 17867.
17
Calculate the highest common divisor of 259034310 and 3690.
3690
What is the highest common factor of 8735805 and 44145?
4905
Calculate the greatest common factor of 18702216 and 1272.
1272
Calculate the highest common factor of 1349860 and 620.
20
What is the highest common factor of 38792 and 35633?
13
Calculate the greatest common factor of 175767220 and 99170.
2110
What is the greatest common factor of 33142386 and 100656?
1398
Calculate the highest common factor of 76942 and 122791.
527
Calculate the greatest common factor of 15486215 and 16207.
853
Calculate the highest common divisor of 55 and 583056265.
55
Calculate the highest common factor of 27 and 23324274.
27
What is the highest common factor of 137093 and 8954?
121
Calculate the highest common factor of 29359 and 129216966.
2669
Calculate the highest common divisor of 10410 and 673845.
15
What is the greatest common factor of 1290 and 2920431?
129
Calculate the highest common factor of 203478 and 42788957.
3083
What is the greatest common divisor of 74676 and 5172?
12
Calculate the greatest common divisor of 186677042 and 10587.
3529
Calculate the highest common divisor of 25009 and 356000.
89
Calculate the greatest common factor of 2063190 and 2328000.
2910
What is the highest common factor of 6102925 and 7251?
2417
What is the highest common divisor of 17290 and 20228?
26
What is the greatest common factor of 6424371 and 2751?
393
What is the highest common factor of 558405547 and 5138?
2569
Calculate the highest common divisor of 36264 and 20337.
3
What is the greatest common factor of 440 and 377576?
8
What is the highest common factor of 154966449 and 132?
33
What is the greatest common divisor of 9571099 and 181?
181
Calculate the greatest common divisor of 3734579 and 207.
23
Calculate the greatest common factor of 25712 and 3088654.
3214
What is the greatest common factor of 1628498 and 2270?
454
What is the highest common factor of 98 and 648090954?
98
What is the greatest common divisor of 35557 and 19546027?
1147
What is the greatest common factor of 157446116 and 31712?
3964
What is the greatest common factor of 2324917 and 28?
7
What is the greatest common divisor of 44675100 and 360?
180
What is the greatest common factor of 53245010 and 3913?
91
Calculate the greatest common factor of 234094038 and 55725.
2229
Calculate the highest common divisor of 6350153 and 26389.
2399
What is the highest common divisor of 264 and 1915639?
11
What is the greatest common factor of 363915816 and 418?
418
What is the greatest common factor of 3991713 and 12111?
33
What is the greatest common factor of 9539464 and 176?
88
What is the greatest common factor of 130 and 144126660?
10
Calculate the greatest common factor of 34020 and 14588100.
1620
Calculate the greatest common factor of 71151075 and 2875.
575
Calculate the greatest common divisor of 68478 and 114921.
339
What is the greatest common factor of 739308 and 5520?
12
Calculate the greatest common divisor of 69 and 43449.
3
Calculate the greatest common divisor of 672668463 and 8337.
1191
Calculate the highest common divisor of 286605444 and 16.
4
What is the highest common factor of 14180 and 16370?
10
What is the highest common factor of 4209 and 1312903?
61
Calculate the greatest common divisor of 33021688 and 40.
8
What is the highest common divisor of 4861592 and 1564?
68
What is the highest common divisor of 17762871 and 42924?
1533
Calculate the greatest common factor of 6034129 and 10981.
139
What is the highest common divisor of 118 and 377474389?
59
Calculate the greatest common factor of 247907 and 50127.
341
What is the greatest common divisor of 16116954 and 336?
42
Calculate the greatest common factor of 893 and 12788729.
19
What is the greatest common divisor of 7173 and 20187?
9
What is the highest common factor of 332981 and 33?
11
What is the greatest common divisor of 14406 and 398132448?
2058
Calculate the highest common divisor of 1063196 and 8384.
524
Calculate the greatest common factor of 123957752 and 586.
586
What is the greatest common divisor of 3742992 and 2363?
2363
Calculate the greatest common divisor of 6400 and 13477120.
1280
Calculate the highest common factor of 2000200 and 10658.
146
Calculate the highest common factor of 969139504 and 688.
688
Calculate the greatest common divisor of 1451 and 1047655373.
1451
Calculate the greatest common divisor of 142556946 and 21.
21
Calculate the greatest common factor of 130524 and 2628.
876
What is the greatest common divisor of 100548 and 9098796?
1596
Calculate the highest common divisor of 12027576 and 451704.
7656
Calculate the highest common factor of 105 and 1702498.
7
Calculate the greatest common factor of 31585419 and 36.
9
Calculate the highest common factor of 45758 and 374558.
274
What is the highest common divisor of 13920 and 162300?
60
Calculate the greatest common factor of 542742877 and 314.
157
What is the greatest common factor of 15404793 and 86?
43
Calculate the greatest common divisor of 774 and 1095552.
18
What is the greatest common divisor of 273601417 and 17?
17
What is the greatest common factor of 1647 and 358?
1
What is the greatest common factor of 385758 and 7482?
174
What is the greatest common divisor of 754 and 10629776?
58
What is the highest common factor of 655 and 18510431?
131
Calculate the greatest common factor of 132 and 48930310.
22
What is the highest common factor of 21029050 and 33250?
350
Calculate the highest common factor of 102666 and 242678.
142
Calculate the highest common divisor of 8133 and 3519.
3
What is the greatest common divisor of 1818146 and 43712?
1366
Calculate the highest common factor of 20335 and 33320.
245
